ultiple of 35?
False
Is 60 a factor of 79573?
False
Does 40 divide 124053?
False
Is 40 a factor of 21357?
False
Is 15 a factor of 25304040?
True
Is 10 a factor of 79400?
True
Does 292 divide 11096?
True
Does 618 divide 508792?
False
Is 756094 even?
True
Is 8 a factor of 882840?
True
Does 25 divide 283225?
True
Is 5212560 a multiple of 36?
False
Does 685 divide 26734865?
True
Is 89 a factor of 14462998?
False
Is 782652 a multiple of 346?
True
Is 107 a factor of 12747338?
True
Is 349434 a multiple of 49?
False
Is 4247627 a multiple of 5?
False
Is 217196 a multiple of 14?
True
Does 27 divide 386640?
True
Is 7 a factor of 9177?
True
Is 173376 a multiple of 12?
True
Is 46753 a multiple of 5?
False
Is 46 a factor of 432492?
True
Is 127124 a multiple of 8?
False
Does 21 divide 6219790?
False
Is 82 a factor of 8965816?
False
Does 9 divide 18536?
False
Is 12 a factor of 20982744?
True
Is 115 a factor of 5420640?
True
Is 586257 a multiple of 14?
False
Is 375 a factor of 1572336?
False
Is 22481 a multiple of 41?
False
Is 15818668 a multiple of 86?
True
Does 24 divide 16957?
False
Is 212 a factor of 5861164?
True
Is 4859400 a multiple of 40?
True
Does 38 divide 148723?
False
Is 513880 a multiple of 145?
True
Does 13 divide 2970136?
True
Is 70 a factor of 1991614?
False
Does 11 divide 9931?
False
Is 24080207 a multiple of 39?
False
Is 677 a factor of 157942?
False
Does 324 divide 467238?
False
Does 34 divide 1158652?
True
Is 19 a factor of 24647350?
False
Does 177 divide 92582?
False
Is 2298 a factor of 4897038?
True
Is 1036304 a multiple of 8?
True
Does 13 divide 684593?
True
Does 25 divide 2800800?
True
Is 2271996 a multiple of 27?
True
Is 15 a factor of 467096?
False
Does 16 divide 171678?
False
Is 6160 a multiple of 220?
True
Is 361374 a multiple of 72?
False
Does 5 divide 1759316?
False
Is 13 a factor of 592969?
True
Is 102552 a multiple of 5?
False
Does 410 divide 5949230?
False
Does 16 divide 43216?
True
Is 25651 a multiple of 36?
False
Is 1676915 a multiple of 1607?
False
Is 187 a factor of 4275007?
True
Is 400717 a multiple of 303?
False
Is 20 a factor of 2298091?
False
Is 266271 a multiple of 59?
False
Does 59 divide 78883?
True
Is 2 a factor of 239378?
True
Does 4 divide 271286?
False
Does 12 divide 358076?
False
Is 653835 a multiple of 273?
True
Is 4728927 a multiple of 52?
False
Does 14 divide 699660?
False
Does 78 divide 365586?
True
Is 2826495 a multiple of 21?
True
Does 35 divide 88725?
True
Is 20 a factor of 409000?
True
Does 497 divide 803152?
True
Is 12 a factor of 380028?
True
Does 72 divide 26879889?
False
Is 6 a factor of 87558?
True
Is 67 a factor of 725409?
True
Is 162577 a multiple of 134?
False
Is 202 a factor of 37482?
False
Is 207 a factor of 2263291?
False
Is 4953748 a multiple of 1923?
False
Does 13 divide 2741518?
True
Does 2 divide 977447?
False
Is 1263300 a multiple of 60?
True
Does 88 divide 1858824?
True
Is 6825468 a multiple of 26?
True
Is 151 a factor of 4270280?
True
Does 7 divide 565620?
False
Does 932 divide 552124?
False
Does 210 divide 1042230?
True
Is 8 a factor of 1287377?
False
Is 4629249 a multiple of 6?
False
Is 3 a factor of 1078489?
False
Is 1077483 a multiple of 951?
True
Is 17 a factor of 90104?
False
Does 24 divide 21160?
False
Does 34 divide 119476?
True
Is 148 a factor of 757020?
True
Is 1983462 a multiple of 431?
True
Is 3 a factor of 3087?
True
Is 571294 a multiple of 13?
False
Does 162 divide 4661589?
False
Is 15064894 a multiple of 135?
False
Is 6048798 a multiple of 177?
True
Is 344 a factor of 73960?
True
Does 3 divide 851102?
False
Does 9 divide 334255?
False
Is 2 a factor of 72016?
True
Does 17 divide 24126273?
False
Is 114 a factor of 1009791?
False
Is 9 a factor of 1745280?
True
Does 20 divide 21431980?
True
Is 66 a factor of 858?
True
Does 691 divide 1452482?
True
Is 17366090 a multiple of 490?
True
Is 7 a factor of 1793577?
False
Is 22 a factor of 63338?
True
Is 27 a factor of 566136?
True
Does 10 divide 856077?
False
Does 42 divide 55125?
False
Is 97 a factor of 529623?
False
Is 4248423 a multiple of 25?
False
Is 16 a factor of 2133888?
True
Is 411033 a multiple of 259?
True
Is 2051310 a multiple of 297?
False
Is 2 a factor of 10695?
False
Is 143 a factor of 703131?
True
Does 20 divide 15657379?
False
Is 127 a factor of 142842?
False
Is 12979 a multiple of 243?
False
Is 11 a factor of 130036?
False
Does 38 divide 5822247?
False
Is 3550363 a multiple of 55?
False
Is 11 a factor of 6523879?
False
Does 11 divide 7443788?
True
Is 9 a factor of 232839?
True
Is 418 a factor of 2044404?
False
Is 24 a factor of 59412?
False
Is 477989 a multiple of 66?
False
Is 12 a factor of 2508896?
False
Is 11564485 a multiple of 10?
False
Is 3668758 a multiple of 178?
True
Does 11 divide 3773990?
True
Is 100 a factor of 155145?
False
Does 92 divide 157412?
True
Is 21321 a multiple of 10?
False
Is 4876656 a multiple of 130?
False
Does 50 divide 1941422?
False
Does 216 divide 58752?
True
Does 3 divide 9674?
False
Is 2082000 a multiple of 41?
False
Does 295 divide 3719664?
False
Is 37 a factor of 16095?
True
Is 40 a factor of 21162440?
True
Is 50 a factor of 6804950?
True
Is 64 a factor of 36480?
True
Is 2179685 a multiple of 50?
False
Is 1936013 a multiple of 294?
False
Is 225593 a multiple of 20?
False
Is 95922 a multiple of 219?
True
Is 307890 a multiple of 99?
True
Does 6 divide 32412?
True
Does 1402 divide 9544724?
False
Does 37 divide 25308?
True
Does 306 divide 820058?
False
Is 25 a factor of 22800?
True
Is 111 a factor of 2276051?
False
Is 612040 a multiple of 286?
True
Is 1540 a factor of 2297536?
False
Is 349503 a multiple of 33?
True
Is 63 a factor of 751719?
False
Does 15 divide 152295?
True
Is 15 a factor of 45139?
False
Is 11 a factor of 80234?
True
Is 1002840 a multiple of 24?
True
Does 96 divide 480438?
False
Is 123 a factor of 735550?
False
Is 52718 a multiple of 39?
False
Is 43 a factor of 54560?
False
Is 11285739 a multiple of 25?
False
Does 55 divide 158345?
True
Is 90 a factor of 73530?
True
Does 24 divide 35232?
True
Is 567 a factor of 45138?
False
Does 28 divide 3760762?
False
Is 129372 a multiple of 12?
True
Is 116362 a multiple of 146?
True
Is 55 a factor of 3321459?
False
Does 961 divide 445904?
True
Is 30 a factor of 3908640?
True
Does 29 divide 180539?
False
Is 605822 a multiple of 58?
False
Does 10 divide 264207?
False
Is 2524218 a multiple of 163?
True
Is 11822447 a multiple of 894?
False
Is 9 a factor of 3810519?
True
Does 229 divide 585073?
False
Does 25 divide 971775?
True
Is 1087177 a multiple of 13?
True
Does 26 divide 10188802?
True
Does 16 divide 73136?
True
Is 6859 a multiple of 19?
True
Is 19 a factor of 1444779?
True
Does 182 divide 620536?
False
Does 8 divide 207000?
True
Is 2340 a multiple of 9?
True
Does 146 divide 26867212?
True
Is 4 a factor of 1335?
False
Is 74 a factor of 476190?
True
Is 11 a factor of 85901?
False
Does 843 divide 1425410?
False
Is 396 a factor of 419364?
True
Is 198219 a multiple of 413?
False
Is 15 a factor of 20067?
False
Is 228844 a multiple of 44?
True
Is 11 a factor of 6177952?
True
Is 6850050 a multiple of 150?
True
Does 110 divide 2548115?
False
Is 69923 a multiple of 13?
False
Is 205 a factor of 1814250?
True
Is 165 a factor of 682343?
False
Is 411024 a multiple of 151?
False
Does 63 divide 5165244?
True
Is 364 a factor of 209763?
False
Does 113 divide 76445?
False
Does 11 divide 1117715?
False
Does 85 divide 155380?
True
Is 367956 a multiple of 27?
True
Does 19 divide 22229?
False
Does 16 divide 73856?
True
Does 239 divide 235310?
False
Does 670 divide 1789570?
True
Does 98 divide 1362534?
False
Does 9 divide 3250035?
True
Is 203 a factor of 2504030?
False
Does 63 divide 2060379?
False
Is 56 a factor of 163919?
False
Does 15 divide 248380?
False
Is 75 a factor of 346500?
True
Is 211 a factor of 2874242?
True
Is 40 a factor of 27177?
False
Does 243 divide 65180?
False
Is 675184 a multiple of 76?
True
Does 125 divide 271078?
False
Is 40 a factor of 116412?
False
Is 9 a factor of 1023642?
True
Does 37 divide 69264?
True
Does 16 divide 24080?
True
Is 393813 a multiple of 9?
True
Is 43 a factor of 4773149?
False
Is 510 a factor of 3508041?
False
Is 70848 a multiple of 15?
False
Does 232 divide 248240?
True
Is 70927 a multiple of 226?
False
Do